1*b, 3*z - 840 = 3*b. Let j be (-4 - z/(-42))*14. Calculate the highest common divisor of j and 52.
4
Let c(a) = 86*a + 27. Let s be c(0). Let h(o) = -o**3 + o**2 + o + 9. Let q be h(0). Calculate the highest common factor of s and q.
9
Suppose -9*v + 11*v = 32. Suppose -65 = -9*x + v. Let n = 6 + -3. Calculate the highest common divisor of x and n.
3
Let x(l) = 25*l - 151. Let y be x(10). Suppose 96 = 2*u + 4*o, -2*u + 4*o + 124 = u. What is the highest common factor of y and u?
11
Let y = 16544 + -15816. What is the greatest common divisor of y and 448?
56
Let r(h) = -25 - 12*h - h - 7*h - 51. Let x be r(-4). What is the greatest common divisor of 44 and x?
4
Suppose 38 = 3*a + 4*r, -r + 15 = 2*a - 12. What is the greatest common factor of a and 721?
7
Let x be ((-308)/(-6))/((-4)/(-12)). Suppose 0 = 2*j - x - 186. What is the highest common divisor of 68 and j?
34
Let h = 171 + -59. Suppose -h - 464 = -16*w. What is the greatest common factor of 45 and w?
9
Let l be 20 - (8 - 8)*1. Let r(g) = g**3 - 2*g**2 + 7. Let u be r(0). Let o = 12 - u. Calculate the highest common factor of l and o.
5
Suppose -7*t = 24 - 80. Let j = 55 + t. Let p = -8 - -29. Calculate the highest common divisor of p and j.
21
Let p(j) = 42*j + 30. Let b be p(-5). Let y = b - -182. What is the greatest common factor of 14 and y?
2
Let i(p) = 7*p**2 - 280*p - 1763. Let v be i(-6). What is the highest common factor of v and 26?
13
Let r(f) = -3*f**3 + 42*f**2 + 49*f - 6. Let u be r(15). What is the greatest common divisor of u and 606?
6
Let y be (-6)/(-2)*448/12. Let n(b) = -33*b + 5*b + 3*b**2 + 16 + 12*b. Let w be n(6). What is the greatest common divisor of w and y?
28
Suppose 2*d - 295 = 345. Calculate the highest common factor of 5 and d.
5
Suppose 241*p + 4990 = 271*p + 790. Let o be -10*14/(-4)*1. Calculate the greatest common factor of p and o.
35
Let x be 2/(-15) - 539/(-105). Let d be 32 + 2 + (-36)/4. What is the greatest common factor of d and x?
5
Suppose 193*p = 185*p + 19992. Calculate the highest common divisor of 34 and p.
17
Let g = -270 + 275. Suppose g*q - 19 = -o, -5*o - 6*q + 203 = -8*q. Suppose 4*l - 26 = 2*l. Calculate the greatest common factor of l and o.
13
Let r(m) = m**2 - 19*m + 43. Let i be r(24). Suppose 0 = 17*k - 194 - i. What is the highest common factor of 420 and k?
21
Suppose -8*f + 32 + 192 = 0. Calculate the greatest common divisor of f and 1694.
14
Let t be 1435/(-5)*36/(-42). Calculate the greatest common divisor of 30 and t.
6
Suppose 0 = -6*f - 239 + 1163. Suppose -v = v + 98. Let y = f + v. What is the greatest common divisor of 21 and y?
21
Let p(y) = y**2 + 15*y + 20. Suppose 0 = 3*t + 8 + 34. Let z be p(t). Let q = 17 + z. Calculate the greatest common divisor of 207 and q.
23
Suppose -7*p + 13965 = -1463. Suppose p = 128*i - 124*i. What is the greatest common divisor of i and 19?
19
Suppose -7*l + 37*l = -9750. Let y = -320 - l. Calculate the greatest common factor of 185 and y.
5
Let j be 3 + 2 + 11 + 2. Let c = 24515 + -24512. What is the highest common factor of j and c?
3
Let q = 685 + -245. What is the greatest common divisor of q and 143?
11
Let r(g) = 2*g - 3. Let z = 106 - 98. Let a be r(z). Let u = a + -9. What is the highest common factor of u and 32?
4
Let c = 714 + -624. Let o = 4 - -6. Calculate the highest common divisor of o and c.
10
Suppose -4*z = -4*i, -8 + 6 = -4*i + 3*z. Let b be 23 + -19 + i*8. What is the greatest common factor of b and 120?
20
Suppose -52*u = -190*u - 66*u + 22440. Let g be (-2)/5*(-24 - 1). What is the highest common factor of g and u?
10
Suppose o = -5*g + 40, -5*o + 3*g - 2*g = -148. Suppose 5*r - 35 = 10. Suppose 8*a = r*a - 6. Calculate the highest common factor of o and a.
6
Let j be 329 + -37 - (1 - (3 - (-3 + -1))). Calculate the greatest common divisor of 2 and j.
2
Suppose 773*i - 777*i + 352 = -4*m, -370 = -4*i - 5*m. Calculate the highest common factor of 2235 and i.
15
Suppose -52*y + 4387 + 3478 = -975. What is the highest common factor of y and 1462?
34
Let c = -233 + 336. Suppose 0 = 4*r - 33 - c. Calculate the greatest common factor of r and 850.
34
Let i(b) = 2*b**3 + 19*b**2 - 48*b - 78. Let l be i(-11). Suppose -4*x + h = x - 29, 3*h = 3. What is the greatest common divisor of x and l?
3
Let c = -5568 + 6776. Calculate the highest common divisor of c and 64.
8
Suppose -3*k + 2*k + 16 = 0. Let x = k - 10. Let a = -1632 - -1656. What is the highest common divisor of a and x?
6
Let p = 48 + 8. Suppose -12*a - 38*a = -800. Calculate the greatest common factor of p and a.
8
Let a(u) = -2*u**3 - 22*u**2 + 47*u + 166. Let m be a(-14). Calculate the greatest common factor of m and 42.
6
Let j be 5906 - -24 - (2 + -5). Suppose 31*g = -1810 + j. What is the greatest common factor of 38 and g?
19
Suppose -5*k + 8 = -132. Suppose -160 = -v - 4*v - 4*q, 3*q = -2*v + 57. Suppose 3*r - 6 = v. What is the highest common factor of r and k?
14
Suppose 4*k - 95 = 13. Let o = k - 37. Let g(r) = -r**3 - 12*r**2 - 19*r + 13. Let y be g(o). What is the highest common factor of 9 and y?
3
Suppose -3*l + 2*u + 70 = 4*u, 2*l + 4*u = 60. Let f = -5 - l. Let r = -10 - f. What is the greatest common divisor of 135 and r?
15
Let u be ((-5)/3)/((-2)/108). Suppose -3*r + 0*o + 4*o = -290, r + 5*o = 103. Suppose 8*j - 382 = r. Calculate the highest common factor of j and u.
30
Let d(x) be the third derivative of x**5/60 - x**4/6 - 11*x**3/6 - 2*x**2 - 106. Let z be d(6). What is the highest common divisor of z and 86?
1
Let i = 7170 + -7084. What is the highest common factor of i and 26?
2
Suppose 9*y - 568 = 7*y - 3*t, -3*t = 0. Suppose -3*h + 0*h + y = -2*i, -4*i = -8. Calculate the highest common factor of 24 and h.
24
Let f(v) = v**3 - 17*v**2 - 20*v - 11. Let i be f(18). Let k = i - -48. Let b be 3*(k + 15/9). Calculate the highest common factor of b and 64.
8
Let n(i) be the first derivative of -i**4/4 + 28*i**3/3 - 27*i**2/2 + 21*i - 101. Let y be n(27). What is the highest common factor of 6 and y?
3
Let s be (-186)/(-18)*(49 - 22). Calculate the highest common divisor of s and 1767.
93
Let j(f) be the third derivative of -19*f**4/24 + 14*f**3/3 - f**2. Let k be j(-4). Let m = 120 - k. Calculate the highest common divisor of 64 and m.
16
Let x = 245 - 245. Suppose -3*f - 205 = -5*v, -185 = -5*v - x*f - f. Calculate the greatest common factor of v and 57.
19
Let d = 122 - 120. Let v be (-2)/20*d - (-3164)/70. What is the greatest common factor of v and 60?
15
Let x be ((-51)/6)/(((-4)/(-1))/(-8)). Suppose -x*t = t - 990. What is the greatest common divisor of 121 and t?
11
Suppose -z = j - 10, 43 = 2*j + 51. Calculate the greatest common divisor of 1099 and z.
7
Let v(t) = 538*t - 183*t - 171*t - 175*t + 245. Let b be v(-19). Calculate the greatest common factor of b and 333.
37
Let q be 1992/(-10) - (-9)/45. Let f = q - -227. Suppose -3*h + 20 = -2*m, 0 = 2*h - 4*m - 22 - 2. Calculate the highest common divisor of f and h.
4
Let d be (-30)/3*(-272)/20. What is the highest common factor of 40 and d?
8
Let a(h) = h**2 + 3*h + 426. Let l = -70 - -70. Let o be a(l). Suppose -n - n + o = 2*c, 0 = 2*n + 5*c - 417. Calculate the greatest common divisor of n and 24.
24
Let m = 460 - 231. Let j = -110 + m. What is the greatest common factor of 17 and j?
17
Let r(k) = -5*k - 5 + 2*k**2 - 11 + 5 + 0. Let n be r(-6). Let z be (-2)/(2*1/(-13)). Calculate the highest common divisor of z and n.
13
Let m be 33/2 - (2/(-6))/((-16)/72). What is the highest common factor of m and 4155?
15
Let i(w) = 44 - 30*w + 14*w + 5*w. Let j be i(-13). Suppose -3*o + 41 = 2*u, o = 5*u + 41 + 1. Calculate the highest common factor of o and j.
17
Let k(i) = 537*i + 10. Let a be k(3). Suppose a = 9*z - 9323. Calculate the highest common divisor of 32 and z.
32
Let z(q) = -q**3 + 4*q**2 + 9*q - 17. Let u be z(4). Suppose -3*t + 32 = -5*p - 0*p, -2*t + 4*p + 18 = 0. What is the greatest common factor of u and t?
19
Let k be (-20378)/(-6) + (-53)/159. Let u be k/(-4 - -10) - (-4)/1. Calculate the greatest common factor of u and 30.
30
Let f = 215 + -75. Let q be (0 + 23)/((28/(-20))/7). Let c = f + q. What is the greatest common divisor of 225 and c?
25
Let u = 25 + -3. Let m = u + -8. Suppose -479*y + 438*y + 147 = -14